 a be z(-97). What is the highest common divisor of 2592 and a?
324
Let y(g) = -g**2 + 13*g - 32. Let m be y(7). Calculate the highest common divisor of 125 and m.
5
Suppose 7*k - 2*k - 300 = 0. Suppose 0 = -106*x + 109*x - 33. Suppose 4*a = x*a - 84. What is the greatest common factor of k and a?
12
Let u(o) = 3*o**2 - 19*o - 7. Suppose -6*f + 29*f - 161 = 0. Let z be u(f). Calculate the greatest common factor of 2 and z.
1
Suppose 0 = -2*b - 3*b + 65. Let l = 376 + -372. Suppose 3*j - 430 = -l*s + 5*s, 0 = -5*j - 5*s + 710. Calculate the highest common divisor of j and b.
13
Suppose 39 = -15*n + 54. Let d be (-322)/21*(-1 - n/2). Calculate the greatest common divisor of 138 and d.
23
Let q(d) = 35*d - 10. Let r be q(1). Calculate the highest common factor of r and 2275.
25
Let p be (7 - 0/1) + -2 - 2. Suppose 2*m + 4*x - 7 - 29 = 0, -4*m + p*x + 116 = 0. Suppose 6*u = 4*u + 4. Calculate the highest common factor of m and u.
2
Let g = 13 + 4. Suppose 482*a + 177*a = -329*a + 218348. Calculate the highest common divisor of a and g.
17
Suppose -5*s + 113 = -927. Let t be (-1)/((4/(-20))/((-56)/(-35))). Let q be 89/7 - t/(-28). What is the greatest common factor of q and s?
13
Let z = -15736 + 17528. Calculate the greatest common divisor of 1400 and z.
56
Suppose -4*g = 2280 - 2304. Calculate the greatest common factor of 5154 and g.
6
Let f(z) = -2*z**2 + 7*z + 150. Suppose 19*s = 20*s. Let q be f(s). Calculate the greatest common factor of 30 and q.
30
Suppose -362*u + 187*u = -192*u + 1122. Calculate the highest common factor of u and 15972.
66
Let n(p) = 24*p**3 + 774*p**2 + 171*p + 65. Let d be n(-32). Let i = 125 - 58. Calculate the highest common divisor of d and i.
67
Let f(x) = 4*x**2 + 10*x - 5*x**2 - 2 - 2*x**2 + 4*x**2. Let a be f(3). Let d be (-4 - -4)/(-1) - -259. Calculate the greatest common factor of d and a.
37
Suppose -5*j = -3*j - 66. Let l(o) = o**3 - 5*o**2 - 9*o + 9. Let b be l(7). Calculate the highest common divisor of b and j.
11
Let s = -6401 + 7041. What is the highest common divisor of 448 and s?
64
Suppose -5*p = 3*d - 2465, -15*p + 40*d = 39*d - 7395. Calculate the greatest common factor of 136 and p.
17
Let u(a) = -557*a**3 + 2*a**2 + 3*a + 2. Let j be u(-1). Suppose 0 = 3*g + 4*i - 411, -2*i + j = -5*g + 9*g. Calculate the greatest common factor of g and 47.
47
Let b(p) = p**2 - 7*p + 6. Let s be b(5). Let m be ((-82)/s)/(2/(-4) + 0). Let x = m - -97. What is the greatest common divisor of 14 and x?
14
Suppose -39*l + 2400 = -5955 + 1335. Calculate the highest common factor of l and 99.
9
Suppose -t = 2 + 3. Let y be 2/t - 52/(-5). Let z = 105780 - 105650. Calculate the highest common factor of z and y.
10
Let i(z) = 41 - 73 + 0*z + 3*z - z. Let y be i(13). Let k be (-2)/y*78/1. Calculate the highest common factor of 39 and k.
13
Suppose 826*v + 3 - 15 = 823*v. Let m be ((-36)/10)/((-2)/180). What is the greatest common divisor of m and v?
4
Suppose 0 = -6*i + 3*i + 51. Suppose -2*g + 19 = -i. Let a = 18 + -9. What is the highest common divisor of g and a?
9
Let k = -455 + 647. Let n be (165/(-44))/(9/(-48)). Let b(g) = -g**2 + 21*g + 4. Let p be b(n). Calculate the highest common factor of p and k.
24
Let t(b) = 332*b - 167. Let k be t(1). What is the highest common factor of 1419 and k?
33
Let c be 2 + -26 + (-1 - -5) + -2. Let j be (1/2)/(c/(-5104)). Let q = -88 + j. What is the greatest common factor of q and 7?
7
Let w be 3602/25 + (-26)/325. Calculate the greatest common divisor of w and 768.
48
Let h = 14 + -12. Let p be 12/(1*5/120). Suppose h*q + p = 10*q. Calculate the greatest common factor of 18 and q.
18
Let q = -28 + 3. Let p = q - -33. Suppose 62*x + 18 = 71*x. Calculate the highest common factor of x and p.
2
Let p = 1505 - 1340. Let o(v) = v**2 - v + 3. Let u be o(-5). What is the greatest common divisor of u and p?
33
Suppose 156*n + 11352 = 168*n. What is the highest common factor of n and 86?
86
Let d = 19585 + -18782. What is the highest common factor of d and 352?
11
Let d = -29 - -32. Let j(u) = 0*u - 30*u**d - 2 - 14*u + 31*u**3 - 17*u**2. Let k be j(18). Calculate the highest common divisor of 10 and k.
10
Suppose 1901*q - 6480 = 1856*q. What is the highest common divisor of q and 768?
48
Suppose -138*v + 747 + 495 = 0. Suppose 1 + 1 = -l. Let a be (l - (-21)/v)/(3/243). Calculate the highest common factor of a and 36.
9
Let m(f) = 5*f**2 + 15*f - 35. Suppose 53 = o + 50. Let t be m(o). Let a = 63 - 41. Calculate the greatest common factor of t and a.
11
Let k(j) = 312*j - 4. Let f be k(1). Let b = f - 289. Calculate the greatest common factor of b and 19.
19
Suppose -m + s = -14, -15*m + 18*m = -6*s + 6. What is the highest common divisor of 2710 and m?
10
Let t be (-21)/2*(405/(-105) + 1). Suppose -b + 784 = 4*j, -4*j + 3*b + 217 + 551 = 0. Calculate the greatest common divisor of j and t.
15
Let c(v) = v**3 + 43*v**2 + 3*v + 208. Let t be c(-43). Calculate the greatest common factor of t and 10349.
79
Suppose -25*q + 32595 = 26995. Calculate the highest common factor of 2400 and q.
32
Let l be 14 + -22 + 15 + 2868. Calculate the highest common factor of 1125 and l.
125
Let m be (-52)/(-8) + (-4)/(-8). Let b(y) = -y - 7. Suppose 0 = 56*z - 46*z + 140. Let j be b(z). Calculate the greatest common factor of j and m.
7
Let u(d) = 11*d**2 + 131*d + 89. Let a be u(-13). What is the greatest common factor of 98 and a?
49
Let w = -4638 - -10782. Calculate the highest common factor of w and 128.
128
Let v = 55 - -34. Let i = v - 38. Calculate the highest common divisor of 187 and i.
17
Suppose -466*h + 439*h = -2511. Calculate the greatest common divisor of h and 4092.
93
Suppose w + 4*c = 25, -4*w = 2*c - 53 - 19. Suppose 696*i - 468 = 2316. What is the greatest common divisor of i and w?
1
Let m(v) = 1977*v + 13132. Let z be m(-6). What is the highest common divisor of z and 5?
5
Let r be 221 + 5 - 14/(-84)*-12. Calculate the highest common factor of r and 6440.
56
Let k be (7 + 209/(-33))/((-2)/15). Let h be (k - -4)/((-1)/121). Let p = -8 + 19. Calculate the greatest common divisor of h and p.
11
Let a(v) = 209*v + 1233. Let s be a(0). What is the greatest common divisor of s and 45?
9
Suppose 4*u = -4*p + 32048, -5*p + 6026 = -7*u - 34118. What is the highest common factor of p and 9?
9
Let p = 162 - 6. Let r(v) = -4*v + 132. Let g be r(30). Calculate the highest common factor of g and p.
12
Suppose -4*r - 117 = 2*p - 617, 2*r = -5*p + 242. Calculate the greatest common factor of 63 and r.
63
Let o = 222 - 219. Suppose 5*j = o*n - 221, n + 4*j = 81 - 13. Calculate the highest common factor of n and 144.
72
Suppose 39*r - 96 = 35*r. Let a = 132 - 92. What is the highest common divisor of a and r?
8
Let w(h) = -341*h - 838. Let x be w(-14). Calculate the highest common factor of x and 369.
123
Suppose 31*x - 4*c + 88 = 33*x, 0 = -x - 5*c + 29. Suppose 0 = 12*j - 13*j - 4*h + 147, 3*j - 3*h = 396. What is the highest common factor of j and x?
27
Let k = -4013 - -4195. Suppose -2*d = -5*d + 84. What is the highest common divisor of d and k?
14
Let p = -8548 + 10135. What is the greatest common factor of 46 and p?
23
Suppose -18*f + 57 = -105. Let z = -320 - -473. Calculate the greatest common factor of z and f.
9
Let z(q) = 3*q**3 + 7*q**2 - 35*q - 12. Let w be z(3). What is the greatest common divisor of 45 and w?
9
Let k = -3144 + 3500. What is the highest common factor of 5162 and k?
178
Suppose -14981 = -14*m - 13343. Suppose 3*u - 13 - 11 = -3*o, -2*u + 4*o + 46 = 0. Calculate the greatest common factor of u and m.
13
Let f(m) = -9*m. Let w be f(4). Let h = w + 41. Suppose h*u + 4*c - 130 = 56, 5 = -5*c. Calculate the greatest common factor of 95 and u.
19
Let n = 295 - -112. Suppose -31*u - 799 = -1140. What is the highest common divisor of u and n?
11
Suppose 37*u = 51*u - 14182. Let b = -992 + u. What is the greatest common divisor of 1029 and b?
21
Let g(o) = -o**2 + 2*o - o**3 + 5 - 8 + 3 + 2. Let a be g(-2). Let r be (2 - a) + (-1 - -7). Calculate the greatest common divisor of r and 15.
3
Suppose -3*j + 60 = -3*u, 4*u + 68 = 3*j + 15. What is the highest common factor of 41958 and j?
27
Let n be 6/(7 - 8) - -6. Let a be (n + 4/(-3))/(342/(-1539)). What is the greatest common d